 (1 - (-2926)/(-6))?
8
Suppose -2321 - 1184 = -4*n + d, -n - 2*d = -874. What is the units digit of n?
6
Let p(r) be the first derivative of 27*r**2/2 - 8*r + 11. What is the units digit of p(2)?
6
Suppose 0 = -5*f + 7*f + 42. Let u = 30 + f. Suppose -u*s = -6*s - 78. What is the units digit of s?
6
What is the units digit of (-4)/10 + 49798/70?
1
Suppose -3*q - y = -10498, -4*y + y = 4*q - 13989. What is the hundreds digit of q?
5
Let v = 36 + 1. Suppose -2*m = -161 - v. Suppose 0 = 4*g + b - 91 - 28, -4*g + m = 5*b. What is the tens digit of g?
3
Let n(t) = 28*t + 5. What is the units digit of n(6)?
3
Suppose 0 = -4*k - 3*x + 1241, 3*k - 468 = -5*x + 449. What is the hundreds digit of k?
3
Suppose 0 = 5*o - 2*o - 9. Suppose 5*v = -2*r + 4 + 1, 0 = -5*r + 3*v - o. Let f(s) = s + 19. What is the units digit of f(r)?
9
Let i(b) = -b - 2. Let y be i(-2). What is the tens digit of 1*((0 - y) + 88) + 0?
8
Let g(r) = -r**3 - 5*r**2 + 7*r - 4. Let w be g(-6). Let p be (w/15)/((-2)/6). Suppose -14 - 30 = -p*d. What is the units digit of d?
2
Suppose -9*l + 13043 = -1708. What is the units digit of l?
9
Suppose z = 3*z - 306. Let s be z - (-3 - 0/4). Suppose 0 = 2*b, 0*c + 4*c - 3*b = s. What is the units digit of c?
9
Suppose 3*q + 0*q = 6. Let w(f) = 3*f**2 - 1. Let s be w(-1). What is the units digit of (s + 108/8)*q?
1
Let m be 8*16 - (-3 + -1 - -1). What is the hundreds digit of m/(((-20)/(-8))/5)?
2
Let w be (-38 - 2) + 0/8. Let r = 34 + w. Let i(d) = -3*d + 18. What is the tens digit of i(r)?
3
Suppose 2*y = -0 - 6. Let k(u) be the first derivative of -3*u**2 - 123. What is the tens digit of k(y)?
1
Let i be ((-35)/(-28))/((-3)/(-36)). Let v(x) = -2 - 3 + x + 0*x. What is the units digit of v(i)?
0
Suppose -958 = -3*w + a - 5*a, 5*w + 2*a - 1620 = 0. What is the hundreds digit of w?
3
Suppose 3*h - b = 1 + 11, -4*b - 16 = -4*h. Suppose 0 = 3*k + 9, -3*d + h*k - 13 = 2*d. Let c = 25 + d. What is the units digit of c?
0
Let g(o) = 162*o - 3. What is the units digit of g(4)?
5
Suppose -27 = -4*z - 7. Let d = 9 - z. Suppose d*l - 4*u - 80 = 0, 0 = l - 3*l - u + 46. What is the units digit of l?
2
Suppose -156 = -3*w + 123. What is the tens digit of w?
9
Let j(q) = -92*q + 854. What is the hundreds digit of j(0)?
8
Let o = 539 + -134. Suppose 2*h - 410 = -2*t, 2*t - o = -h - 2*h. Suppose -112 = -2*r + 3*l, 4*l = -3*r - 42 + t. What is the tens digit of r?
5
Let r = 33 - 34. What is the tens digit of (((-2156)/(-8))/11)/(r/(-2))?
4
Let q(l) = -7 - 2 + 0*l**2 + l**2 - l. Let g = -216 - -224. What is the units digit of q(g)?
7
Let m(a) = 3*a**2 - 23*a - 10. What is the hundreds digit of m(26)?
4
Let r(p) = p**3 - 21*p**2 - 24*p + 49. Let v be r(22). Suppose -3*x + 1016 = -5*b, -5*x - v*b + b = -1644. What is the tens digit of x?
3
Let t = 21 + -19. Suppose 15 = t*d - 5*d. Let w(a) = -a**3 - 5*a**2 - 4*a - 7. What is the units digit of w(d)?
3
Let g = -54 - -54. What is the tens digit of 3/(-12)*(g + -172)?
4
Suppose 3*z = r + 10, 3 = 4*r - z - 1. Suppose -r*q + 20 = -4. What is the units digit of q*5*(-2)/(-4)?
0
Suppose v = 2*v + 8. Let m(f) = f**3 + 8*f**2 - 4*f + 2. Let y be m(v). Suppose 2*u - y = -4*i, -u + 2*i + 11 = -2*i. What is the tens digit of u?
1
Suppose 0 = 3*i - 2*i - 8. Let b = -10 + i. What is the tens digit of 42*b/16*-4?
2
What is the hundreds digit of ((-1)/1)/((-32)/21952)?
6
Let g = 20 + -28. Let z(b) = -b**2 - 11*b - 10. Let r be z(g). What is the units digit of (-6)/r + 68/28?
2
Let x = 3 - -2. Suppose -31*d - 750 = -37*d. Suppose 3*k + 3*i = i + 97, -d = -3*k + x*i. What is the units digit of k?
5
Let u = -88 + 90. Suppose -9 = -u*z - 1, 0 = -v - 4*z + 241. What is the units digit of v?
5
Let a be (-1)/(4*3/348). Let u = 135 + a. Suppose 0 = -4*y + 6*y - u. What is the units digit of y?
3
Suppose 0 = c + n + 1, -2*c + 4*c = 5*n + 19. Suppose c*q + 5*q = 77. What is the units digit of q?
1
Let u = 7 - 11. Let p be ((-56)/2)/(u/2). What is the units digit of p/7 + 2/(-2)?
1
Suppose 14671 - 2641 = 10*z. What is the units digit of z?
3
Suppose 29 + 1 = 6*g. Let b = -8 + 10. Suppose -b*p + q - 9 = -5*p, g*q - 5 = -5*p. What is the units digit of p?
4
Let v(j) = -j**2 + 3*j - 2. Let s be v(3). Suppose -90 = -471*w + 481*w. What is the units digit of (w - -10)/(s/(-140))?
0
Let p(h) = 258*h**2 + 8. What is the thousands digit of p(-2)?
1
Let t(s) = -s**3 + 4*s + 4. Let h be t(-4). Suppose -c + 4*f = -h, 4*c = -c + 5*f + 335. What is the tens digit of c?
7
Let k(z) = -3 - 22*z**2 + 79*z**2 + 2 + 2*z. Let r be k(1). Let f = 84 - r. What is the tens digit of f?
2
Let x(f) = -f**2 + 3 + 2 - 1 + 2*f**2 + 4*f. Let r be x(-4). What is the units digit of ((-14)/3)/(r/(-6))?
7
Suppose -4*o - 12 = 0, 3*t = -4*o + 69 + 3. What is the tens digit of 760/t + (-2)/14?
2
Suppose -3*g + 3*c + 9738 = 0, g - c - 4*c - 3254 = 0. What is the thousands digit of g?
3
Let k be 12 + -10 + -1*14. Let v = 8 + k. What is the tens digit of 2*39*v/(-24)?
1
Let t(z) = -z**3 + 27*z**2 - 26*z - 2. Let c be t(26). Suppose -2*u = 3*u - 70. Let q = c + u. What is the units digit of q?
2
Let a be ((100/(-16))/(-5))/(4/16). Suppose a*i - 6*i = -144. What is the hundreds digit of i?
1
Let t(l) be the second derivative of l**4/4 - l**3/3 + 7*l**2/2 - 7*l. What is the hundreds digit of t(9)?
2
Let j be -2 + (-4)/(3 + 1). Let q(o) = -o**3 - o**2 + 4*o - 1. What is the units digit of q(j)?
5
Suppose 5328 = -3*k + 7*k - 3*l, -3*k = l - 3983. What is the tens digit of k?
2
Let g(t) = t**3 + 12*t**2 + 16. What is the units digit of g(-10)?
6
Suppose 0 = -3*r + 25 - 1. Let z be (-38)/(-12) + r/(-48). Suppose -m + s = -3*m + 46, -87 = -z*m + 3*s. What is the tens digit of m?
2
Let y = -647 - -1268. What is the units digit of y?
1
Let p = -672 - -834. What is the tens digit of p?
6
Suppose 0 = -z - 2*l - 2, 2*z + 7 = -l - 0. What is the tens digit of 8574/42 - (4/(-7))/z?
0
Let n(t) = -t. Let m be (-18)/22 + 10/(-55). Let b be n(m). What is the units digit of b + -5 - -5 - -56?
7
Let y(x) = 81*x**2 + 3*x + 16. What is the units digit of y(3)?
4
Suppose 0 = -5*n - t + 70, 5*t + 14 - 64 = -5*n. Suppose n*q - 1270 - 2165 = 0. What is the units digit of q?
9
Let p(q) be the third derivative of -q**6/60 - q**5/12 + q**3/3 + 22*q**2. What is the tens digit of p(-4)?
5
What is the units digit of 49/(-14) - 12951/(-18)?
6
Let t = 27 + 10. Suppose 0*h + 3*h = -18. Let l = t + h. What is the units digit of l?
1
Let j(x) = -216*x**3 - 3*x**2 + 7*x + 9. What is the hundreds digit of j(-1)?
2
Suppose -h + 84 = -4*h. Let o(p) = -p**2 - 9*p + 99. Let w be o(7). Let y = w - h. What is the tens digit of y?
1
What is the units digit of ((-6)/(-4))/((-2)/(-628))?
1
Suppose 30*f - 13*f + 6868 = 0. Let w = 623 + f. What is the hundreds digit of w?
2
Suppose 16 + 4 = 5*f. Suppose -l + f*s - 48 = 3*l, -2*l = -3*s + 24. Let q = l - -61. What is the tens digit of q?
4
Let q(c) = c**3 - 8*c**2 + 4*c - 9. Let o be q(8). Let a(x) = 14*x**2 + 1. Let p be a(-1). Let n = o - p. What is the units digit of n?
8
Let u = 590 - 140. What is the hundreds digit of u?
4
Let q = -144 - -90. Let r(b) = -b**3 + 11*b**2 - 9*b + 8. Let w be r(10). What is the units digit of (-96)/q + 4/w?
2
Let y = 2593 + -731. What is the units digit of y?
2
Let l = -2962 - -6858. What is the units digit of l?
6
Suppose 4*y - k = -5*k - 16, -3*y + 3*k + 12 = 0. Suppose y = 2*r + r - 42. What is the tens digit of 184/10 - r/35?
1
Let o be 0*(-5)/(-8 + -2). Let i(p) = -p**3 + 3*p**2 - 4. Let h be i(-3). Suppose 2*x + 1 = -3, -w + 2*x + h = o. What is the tens digit of w?
4
Let n(i) = 70*i**2 - i + 14. What is the hundreds digit of n(5)?
7
Suppose 22*x = 2680 + 16724. What is the tens digit of x?
8
Suppose -953 = 3*g - 7*g + 3*d, 2*g - 464 = 4*d. What is the units digit of g?
2
Suppose y + 0*h = -2*h + 1652, -2*h = -3*y + 4980. What is the units digit of y?
8
Let g(q) = -q**2 - 17*q + 26. Let c be g(-18). Let u(o) = -17*o - 9 - 2 + 38*o - 2*o**2. What is the units digit of u(c)?
9
What is the units digit of ((-336)/(-36) + -9)*8562?
4
Let h(j) = 4*j**3 - j**2 + j + 3. Let x = -23 + 26. Let d be h(x). Suppose 3*k + d = 2*q - 0*k, 5*q = -4*k + 228. What is the tens digit of q?
4
Suppose 0*k = 5*k + 10, -x + 2*k + 374 = 0. What is the hundred